 42721.
6103
What is the greatest common factor of 40 and 187130?
10
Calculate the greatest common factor of 630 and 13291215.
105
Calculate the highest common divisor of 39405658 and 684.
38
Calculate the greatest common divisor of 207269890 and 85230.
9470
Calculate the greatest common divisor of 1390 and 1402927.
139
What is the highest common divisor of 450471 and 3402?
21
What is the highest common factor of 7598 and 18447682?
262
What is the highest common factor of 69340 and 1635?
5
What is the highest common factor of 375267 and 19631?
67
Calculate the greatest common factor of 21600 and 407352000.
2400
Calculate the greatest common divisor of 327177 and 117.
9
Calculate the highest common divisor of 960 and 4119870.
30
Calculate the greatest common divisor of 4608 and 52945408.
512
What is the greatest common factor of 32323746 and 15158?
1378
Calculate the greatest common divisor of 1955790 and 224130.
930
Calculate the greatest common factor of 10124 and 216063877.
2531
What is the highest common factor of 139680913 and 266?
19
Calculate the highest common factor of 32084 and 47879.
13
Calculate the highest common factor of 280512 and 30194.
974
What is the greatest common factor of 9085 and 5405?
115
Calculate the highest common divisor of 442368 and 34479.
27
Calculate the highest common divisor of 39552975 and 55.
55
What is the greatest common divisor of 10660 and 4028250?
410
What is the highest common factor of 777 and 4326854?
259
Calculate the greatest common factor of 612095 and 339295.
1705
What is the greatest common factor of 343358220 and 220?
20
What is the highest common factor of 212012 and 16?
4
Calculate the greatest common divisor of 54345 and 3870.
15
What is the highest common divisor of 138870 and 861660?
90
Calculate the highest common divisor of 1888919347 and 21.
7
What is the highest common divisor of 1119462146 and 386?
386
What is the greatest common divisor of 342 and 458478?
18
Calculate the greatest common factor of 8 and 4709317.
1
Calculate the greatest common factor of 878462 and 161.
23
Calculate the greatest common divisor of 11525728 and 24.
8
Calculate the highest common divisor of 96584826 and 156.
78
Calculate the highest common factor of 80298 and 999.
27
Calculate the highest common factor of 611 and 19657092.
611
Calculate the highest common divisor of 14751244 and 1988.
284
What is the highest common divisor of 42482 and 4928?
22
Calculate the highest common factor of 1985124 and 3700.
148
What is the highest common factor of 1836 and 38788?
4
What is the greatest common divisor of 112810 and 14674?
58
What is the highest common factor of 878600 and 3128?
184
What is the greatest common divisor of 36336625 and 177?
59
What is the greatest common factor of 5733 and 3241693?
637
What is the highest common factor of 34233749 and 40931?
671
What is the highest common factor of 99726124 and 158?
158
What is the highest common factor of 82736 and 12312?
8
What is the highest common divisor of 87337278 and 1701?
567
What is the highest common divisor of 424052249 and 12219?
4073
Calculate the greatest common factor of 3225738 and 43026.
606
What is the highest common divisor of 10988806 and 34695?
257
Calculate the highest common divisor of 3997 and 8178433.
571
Calculate the highest common divisor of 1319584 and 126.
14
What is the highest common divisor of 181985 and 2431?
17
What is the greatest common factor of 3352196 and 3383?
17
Calculate the highest common divisor of 65394 and 2304.
18
What is the greatest common factor of 955334 and 952306?
1514
What is the greatest common divisor of 22619208 and 2337?
123
What is the greatest common factor of 73422816 and 5256?
1752
Calculate the highest common factor of 47295489 and 141.
141
Calculate the highest common divisor of 283821 and 27638.
1063
Calculate the highest common divisor of 176 and 22558426.
22
What is the highest common factor of 635877 and 27291?
33
Calculate the highest common factor of 1151 and 50746439.
1151
Calculate the greatest common factor of 1430 and 28587130.
1430
Calculate the greatest common factor of 117415 and 4550.
5
Calculate the highest common factor of 340 and 34808520.
340
What is the highest common factor of 333 and 1629?
9
What is the highest common factor of 49378 and 1911?
7
What is the highest common divisor of 11040 and 90592860?
1380
What is the highest common divisor of 7218 and 119502?
18
Calculate the greatest common factor of 8547 and 35274.
3
What is the greatest common divisor of 43848208 and 14?
2
What is the greatest common factor of 391 and 286373?
23
What is the highest common factor of 1785 and 6409170?
255
What is the highest common factor of 33105799 and 10726?
5363
What is the highest common factor of 6750448 and 518384?
2864
What is the greatest common divisor of 190644 and 1968?
12
Calculate the greatest common factor of 289106232 and 4344.
4344
Calculate the greatest common divisor of 451273 and 14825.
593
What is the highest common divisor of 129663514 and 124?
62
Calculate the greatest common factor of 1481 and 1029095065.
1481
Calculate the highest common divisor of 12619313 and 1715.
343
What is the greatest common divisor of 650 and 11583715?
65
What is the highest common factor of 253784443 and 814?
407
What is the highest common divisor of 867101 and 589?
31
Calculate the highest common divisor of 96 and 33564724.
4
What is the greatest common divisor of 11182583 and 17?
17
What is the greatest common factor of 488 and 12781?
1
What is the greatest common factor of 127637410 and 3190?
290
Calculate the highest common factor of 12228413 and 94.
47
Calculate the greatest common divisor of 5000 and 29702500.
2500
Calculate the greatest common factor of 33087 and 48093.
123
Calculate the highest common divisor of 10835 and 2805.
55
What is the greatest common factor of 15951838 and 7821?
79
Calculate the greatest common factor of 22046 and 1312394.
146
Calculate the highest common factor of 6248 and 28405751.
781
Calculate the highest common divisor of 329 and 302754025.
329
Calculate the highest common factor of 2834181 and 5040.
63
What is the highest common divisor of 46739706 and 156?
78
Calculate the greatest common divisor of 14112 and 17605152.
288
What is the highest common factor of 19597578 and 130?
26
What is the highest common factor of 17181168 and 6384?
912
Calculate the greatest common divisor of 16422993 and 36.
9
What is the highest common factor of 10 and 538235?
5
What is the greatest common factor of 121537675 and 595?
595
Calculate the highest common factor of 867 and 326904.
3
What is the greatest common divisor of 160 and 165199904?
32
Calculate the highest common factor of 1711425 and 127680.
285
Calculate the highest common factor of 561904 and 1923068.
4844
Calculate the highest common divisor of 340612 and 2312.
68
Calculate the greatest common factor of 3792 and 12228963.
237
Calculate the highest common divisor of 183 and 875289.
183
Calculate the greatest common factor of 2028 and 89234496.
156
What is the greatest common divisor of 16939869 and 1314?
219
What is the highest common factor of 55286367 and 318?
159
What is the greatest common factor of 2875 and 4557795?
115
What is the highest common factor of 41202 and 1856052?
1962
What is the greatest common divisor of 2330 and 379369202?
466
Calculate the highest common divisor of 32585 and 608825.
1715
Calculate the greatest common factor of 24684 and 12402984.
1452
What is the highest common factor of 38552035 and 240355?
4535
What is the highest common factor of 184767 and 2937?
33
What is the highest common factor of 19502 and 4995298?
2786
Calculate the highest common divisor of 204216 and 66.
6
Calculate the highest common divisor of 1644 and 166228128.
1644
Calculate the greatest common divisor of 249202514 and 11.
11
What is the greatest common factor of 113861618 and 90688?
2834
What is the greatest common factor of 141450907 and 9971?
767
Calculate the greatest common divisor of 23792 and 477488.
16
What is the greatest common factor of 56 and 282814000?
56
Calculate the highest common divisor of 43826 and 23262583.
1289
What is the greatest common divisor of 107841 and 396813?
1047
What is